+ t. Let j = o - 41. What is the units digit of j?
6
Let y(o) = o**3 - o**2 + 2*o + 2. Let d be y(-2). Let x be 6/(-21) + (-60)/d. Let a(q) = 2*q - 3. What is the units digit of a(x)?
5
Let m be 2/6*0 + 12. Suppose -3*j + 10 = -5*w + 4*w, -4*j + m = -2*w. Suppose 2*y + w*y - 32 = 0. What is the units digit of y?
8
Suppose 3 = -z + 3*h, -z = -0*z + 2*h - 12. Suppose 0 = 3*g + z - 15. What is the units digit of g?
3
Let f = -1 + -1. What is the units digit of 4/f - (4 - 19)?
3
Suppose q - 152 = -2*q + 2*r, -5*q + 3*r = -252. What is the units digit of q?
8
Suppose -84 = -5*z + 5*s - 3*s, 0 = -4*s + 12. What is the tens digit of z?
1
Suppose -4*j = 4*s + 1 - 69, s = -4*j + 83. Suppose -2*z + 2*h - j = 4*h, 2 = -2*z + 2*h. What is the units digit of 1/3 + (-82)/z?
4
Let g = 29 - -46. What is the units digit of g?
5
Suppose -q + 12 = -4*j, -2*q - 2*j + 24 = 2*j. What is the tens digit of q?
1
Suppose -35 = -5*d - 4*b - b, -4*b - 28 = -4*d. What is the units digit of (-23)/(-7) + (-2)/d?
3
Suppose -4 - 6 = -x. Let u = 11 - x. What is the units digit of u?
1
Let i = -15 - -46. Suppose 5 + i = 2*k. What is the units digit of k?
8
Let q(n) = n**2 + 4*n + 2. Let c be q(-4). Suppose -11 = -c*d + 17. What is the units digit of d?
4
Let p = 101 - 24. What is the units digit of p?
7
Let p = 80 - 49. What is the tens digit of p?
3
Let r(k) = 2*k**2 - 1. Let h be r(1). Let l = h + -14. Let s = 22 + l. What is the units digit of s?
9
Let s be -2 - -1*(1 + 35). Suppose -5*j - 32 = a - 90, -2*j = -5*a - s. What is the tens digit of j?
1
Let s = -21 - -25. What is the units digit of s?
4
What is the tens digit of 6/(-8) + (-358)/(-8)?
4
Let u(i) = i**3 - 2*i**2 + 2*i - 2. Let r be u(2). Suppose 0 = -r*h - k + 28, -4*h + 2*h + 28 = -4*k. What is the tens digit of h?
1
Suppose -148 - 504 = -3*k + 4*z, -2*k + 5*z = -437. What is the tens digit of k?
1
Let x(g) = 3*g**2 + 13*g - 4. What is the units digit of x(4)?
6
Let w(u) = u + 5. Let y be w(-10). What is the units digit of 4*(-4)/40*y?
2
Suppose c - 9 + 6 = 0. Suppose -71 = -4*o - t, -4*t + 2*t + 57 = c*o. What is the units digit of o?
7
Let h be (-2)/(-11) - (-574)/(-11). Let r = h - -79. Suppose p = -2*p + r. What is the units digit of p?
9
Suppose -2*u = -5*i - 289, -2*u + 182 = -u + 5*i. What is the units digit of u?
7
Let v(m) = m**2 + 10*m - 7. Let x = 15 + -25. Let w be v(x). Let b = 14 + w. What is the units digit of b?
7
Suppose 0 = 7*z + 71 + 55. Let b = 15 - z. What is the tens digit of b?
3
Let p be ((-2)/(-4))/((-1)/(-20)). Suppose 2*t = 4*z - p, 3*z + 4*t = z. Suppose 3*b - 19 = -4*l, -7*b - 4*l = -z*b - 45. What is the tens digit of b?
1
Let r(v) = -v**3 - 7*v**2 + 6*v - 4. Let q be r(-8). Suppose -3*o + 2*d + 0*d + q = 0, -2*o + 16 = -4*d. What is the units digit of o?
2
Let w be 1 + (1 - 0)*2. Suppose -w*t - 2*t + 13 = m, -m = -5*t + 7. Suppose 0 = y + 3, 0 = -5*c - t*y + 14 + 20. What is the units digit of c?
8
Let y = -3 - -3. Suppose -2*r + 28 = -y*r. What is the tens digit of r?
1
Let n(f) = 5*f - 12. What is the units digit of n(7)?
3
Suppose 3 = -y + 18. Suppose -t = -4*t + y. What is the units digit of t?
5
Suppose -q = 2, -44 = -5*b + 3*b + q. Suppose -4*c + 5 = 2*d + b, -5*d = -4*c - 2. Let t(l) = -l**3 - 3*l**2 - 2*l - 2. What is the units digit of t(c)?
4
Let o be 249/15 - (-4)/10. Let z = o - 9. Suppose -3*c + 4 = -z. What is the units digit of c?
4
Suppose 183 = 2*n - 5*x, 3*n - 2*x - 242 = -x. What is the tens digit of n?
7
Let g(t) = t**3 + 5*t**2 - 9*t - 3. Suppose -4*l - 12 = 0, 0 = -m - 3*l - 13 - 2. What is the tens digit of g(m)?
1
Let d be 1*9 - (8 - 10). Let c = d + -6. What is the units digit of c?
5
Let h(a) = a**3 + a + 4. Let d be h(0). Suppose -3*o + 140 = d*v - 36, -2*v = -2*o - 102. What is the units digit of v?
7
Let a(m) = -3*m**3 + 2*m**2 - m - 5. Let o(g) = -3*g**3 + 2*g**2 - g - 4. Let k(f) = -5*a(f) + 6*o(f). What is the tens digit of k(-2)?
3
Suppose -2*r + 4*z - 13 = -37, 0 = -3*r + 5*z + 41. Suppose -2*p = -22 + 2. Suppose -4*l + r = -p. What is the units digit of l?
8
Let q = 1084 + -698. What is the tens digit of q?
8
Let l(v) = 3*v + 13. Let o be l(-10). Let a = o - -27. What is the units digit of a?
0
Let j(r) = -r**3 - 4*r**2. Let z be j(-4). Suppose 0 = w - z - 1. What is the units digit of w?
1
Let i be (-112)/(-18) + (-10)/45. Let g = i - 3. What is the units digit of g?
3
Let t(f) = 15*f**2 + f. Let i be t(1). Suppose -p + 9 = 3*y, y - 2*p - i = 2*p. What is the units digit of y?
4
Let r = 0 - -2. Let s(w) = 8 + w - 4*w + w**3 + 4*w + 6*w**r. What is the units digit of s(-6)?
2
Let l(t) = -t + 8. Let q be l(6). Suppose 79 = 3*g + q*i, 2*g + 8 - 57 = -5*i. What is the units digit of g?
7
Let y = -2 - -5. Suppose 5 + 16 = y*x. What is the units digit of x?
7
Let m be 3/(-15) - 432/(-10). Suppose 0 = -x + 5*o + m, 3*x - 72 = x + 3*o. What is the tens digit of x?
3
Suppose 62 = 2*g + 3*g - 4*z, 2*g - z - 23 = 0. Suppose -5*s - g = -50. What is the units digit of s?
8
Let q = -17 - -9. Let g(z) = 6*z - 6. Let x(u) = 7*u - 7. Let r(s) = -6*g(s) + 5*x(s). What is the units digit of r(q)?
9
Suppose 2*t - 9 - 3 = -4*j, 0 = 5*j + 4*t - 12. Suppose -4*g + g - 15 = 0, j*g = -4*s - 8. Suppose 6 + s = n. What is the units digit of n?
9
Let o(h) = -h**3 - 2*h**2 + 6*h + 6. Suppose -7*u - 16 = -3*u. What is the units digit of o(u)?
4
Let h(j) = 5*j. What is the tens digit of h(5)?
2
Let d = 1 - 1. Suppose 0 = -4*v + 5*x + 33, 3*v = -v - 3*x - 7. Let w = v + d. What is the units digit of w?
2
Let q(w) = -w - 7. Let r(s) = s + 10. Let h(z) = 7*q(z) + 5*r(z). Let l = 4 + -6. What is the units digit of h(l)?
5
Let r(m) = -m**3 - 7*m**2 + 8*m + 5. Let x be r(-8). What is the units digit of x*(2 - 4/10)?
8
Let z = -49 - -97. What is the tens digit of z?
4
Suppose -v = -5*v. Let h(u) = u**3 - u**2 + u + 4. What is the units digit of h(v)?
4
Suppose -3*o - 5*y = -17 - 114, -4*o + 4*y + 228 = 0. What is the tens digit of o?
5
Let t(h) = -h**3 + 5*h**2 - h - 5. Let q(b) = -b**2 + 4*b. Let n be q(2). What is the units digit of t(n)?
7
Let r be (-914)/(-10) - 33/(-55). Let s = r - 50. What is the tens digit of s?
4
Let t = 48 + 29. What is the tens digit of t?
7
Let g(o) = -2 + 0 + 4 - 1. Let d(f) = 5*f**3 - f - 1. Let n(z) = -d(z) - g(z). What is the units digit of n(-1)?
4
Let l(y) = -y**3 + 5*y**2 + 4*y - 5. What is the units digit of l(5)?
5
What is the units digit of (14/4 + -2)*202?
3
Let m(g) = -g + 10. Let v be m(10). Suppose -b - b = v. What is the units digit of 8*(b + (-3)/(-2))?
2
What is the units digit of (-6)/(-1)*138/9?
2
Suppose -t + 24 = 3*t. Let h be (-26)/4 - (-3)/t. What is the tens digit of (h/9)/(2/(-39))?
1
Let z = -4 - -6. Let k be ((-6)/(-5))/(z/(-10)). What is the units digit of ((-28)/k)/((-1)/(-3))?
4
Suppose -3*u = 3*c - 0*u - 39, -2*c + 4*u = -8. Let n be c/(-5) + 0/1. What is the tens digit of n/(2/(-2 - 12))?
1
Let o(a) = -a - 13. Let r be o(-16). Let t(f) be the first derivative of -f**2/2 + 4*f - 1. What is the units digit of t(r)?
1
Suppose 4 = 2*x - 0*q - 2*q, 2*q + 10 = 5*x. Suppose 130 = -0*l + 5*l. Suppose -x*z + l = 4. What is the tens digit of z?
1
Let k(r) = -4*r**3 - r**2 - 3*r - 2. What is the tens digit of k(-2)?
3
Let d(p) = 2*p + 22. Let h(y) = -y - 7. Let w(a) = 2*d(a) + 7*h(a). What is the units digit of w(-9)?
2
What is the units digit of 49 + (-12)/4 + 3?
9
Suppose 0 = u - 1. Let j(k) be the third derivative of k**5/10 - k**3/6 + 2*k**2. What is the units digit of j(u)?
5
Suppose -582 = -12*k + 6*k. What is the tens digit of k?
9
What is the hundreds digit of (-1)/(4/(-1144)) + 5?
2
Let b(q) = q**2 - 2*q - 5. Let v be b(5). Let n be v/25 - (-18)/5. Suppose -2*g - 16 = -n*x, -4*x = 4*g - 8*g - 20. What is the units digit of x?
3
Let y(x) = 4*x**2 + x. Let c be y(2). Suppose 0 = -0*k + 2*k - c. Suppose 3*h = -3*r + 9, 3*h + 0*h = r + k. What is the units digit of h?
3
Suppose 5*u = 66 + 59. What is the tens digit of u?
2
Suppose -2*v - 39 = -123. What is the units digit of v?
2
Let a(q) = -8*q. Let x be a(-4). Suppose -3*r - r + x = 0. What is the units digit of r?
8
Suppose 0 = 5*l - 55 - 5. Suppose -3*z = z - l. Suppose -u - j + 0*j = -2, -2*j = z*u - 7. What is the units digit of u?
3
Let s(q) = -q**2 - 10*q - 6. Let z b